{"id":58613,"date":"2026-04-17T09:50:48","date_gmt":"2026-04-17T09:50:48","guid":{"rendered":"https:\/\/tokdev.al\/abiesse\/?page_id=58613"},"modified":"2026-04-22T13:14:20","modified_gmt":"2026-04-22T13:14:20","slug":"skema-e-perfitimit","status":"publish","type":"page","link":"https:\/\/tokdev.al\/abiesse\/skema-e-perfitimit\/","title":{"rendered":"Skema e P\u00ebrfitimit"},"content":{"rendered":"\t\t<div data-elementor-type=\"wp-page\" data-elementor-id=\"58613\" class=\"elementor elementor-58613\" data-elementor-post-type=\"page\">\n\t\t\t\t<div class=\"wd-negative-gap elementor-element elementor-element-7ebd5bb e-flex e-con-boxed e-con e-parent\" data-id=\"7ebd5bb\" data-element_type=\"container\" data-e-type=\"container\">\n\t\t\t\t\t<div class=\"e-con-inner\">\n\t\t\t\t<div class=\"elementor-element elementor-element-7d37c0f elementor-widget elementor-widget-image\" data-id=\"7d37c0f\" data-element_type=\"widget\" data-e-type=\"widget\" data-widget_type=\"image.default\">\n\t\t\t\t\t\t\t\t\t\t\t\t\t\t\t<img fetchpriority=\"high\" decoding=\"async\" width=\"1440\" height=\"450\" src=\"https:\/\/tokdev.al\/abiesse\/wp-content\/uploads\/2026\/04\/Skema-E-Perfitimit-ABiEsse-Web.jpg\" class=\"attachment-full size-full wp-image-58839\" alt=\"\" srcset=\"https:\/\/tokdev.al\/abiesse\/wp-content\/uploads\/2026\/04\/Skema-E-Perfitimit-ABiEsse-Web.jpg 1440w, https:\/\/tokdev.al\/abiesse\/wp-content\/uploads\/2026\/04\/Skema-E-Perfitimit-ABiEsse-Web-300x94.jpg 300w, https:\/\/tokdev.al\/abiesse\/wp-content\/uploads\/2026\/04\/Skema-E-Perfitimit-ABiEsse-Web-1024x320.jpg 1024w, https:\/\/tokdev.al\/abiesse\/wp-content\/uploads\/2026\/04\/Skema-E-Perfitimit-ABiEsse-Web-768x240.jpg 768w, https:\/\/tokdev.al\/abiesse\/wp-content\/uploads\/2026\/04\/Skema-E-Perfitimit-ABiEsse-Web-1200x375.jpg 1200w, https:\/\/tokdev.al\/abiesse\/wp-content\/uploads\/2026\/04\/Skema-E-Perfitimit-ABiEsse-Web-150x47.jpg 150w\" sizes=\"(max-width: 1440px) 100vw, 1440px\" \/>\t\t\t\t\t\t\t\t\t\t\t\t\t\t\t<\/div>\n\t\t\t\t\t<\/div>\n\t\t\t\t<\/div>\n\t\t<div class=\"wd-negative-gap elementor-element elementor-element-30593bd e-flex e-con-boxed e-con e-parent\" data-id=\"30593bd\" data-element_type=\"container\" data-e-type=\"container\" data-settings=\"{&quot;background_background&quot;:&quot;classic&quot;}\">\n\t\t\t\t\t<div class=\"e-con-inner\">\n\t\t<div class=\"elementor-element elementor-element-a25e90c e-con-full e-flex e-con e-child\" data-id=\"a25e90c\" data-element_type=\"container\" data-e-type=\"container\" data-settings=\"{&quot;background_background&quot;:&quot;classic&quot;}\">\n\t\t\t\t<div class=\"elementor-element elementor-element-a782e89 elementor-widget elementor-widget-heading\" data-id=\"a782e89\" data-element_type=\"widget\" data-e-type=\"widget\" data-widget_type=\"heading.default\">\n\t\t\t\t\t<h2 class=\"elementor-heading-title elementor-size-default\">B\u00ebhu pjes\u00eb duke plot\u00ebsuar formularin e regjistrimit n\u00eb \u00e7do filial A Bi Esse<\/h2>\t\t\t\t<\/div>\n\t\t<div class=\"elementor-element elementor-element-df78154 e-con-full e-flex e-con e-child\" data-id=\"df78154\" data-element_type=\"container\" data-e-type=\"container\">\n\t\t<div class=\"elementor-element elementor-element-4069243 e-con-full e-flex e-con e-child\" data-id=\"4069243\" data-element_type=\"container\" data-e-type=\"container\">\n\t\t\t\t<div class=\"elementor-element elementor-element-2f709c4 elementor-widget elementor-widget-wd_banner\" data-id=\"2f709c4\" data-element_type=\"widget\" data-e-type=\"widget\" data-widget_type=\"wd_banner.default\">\n\t\t\t\t<div class=\"elementor-widget-container\">\n\t\t\t\t\t\t\t<div class=\"promo-banner-wrapper\">\n\t\t\t<div class=\"promo-banner banner-default banner-hover-zoom color-scheme- banner-btn-size-default banner-btn-style-default with-btn banner-btn-position-static wd-with-link\">\n\t\t\t\t<div class=\"main-wrapp-img\">\n\t\t\t\t\t<div class=\"banner-image\">\n\t\t\t\t\t\t\t\t\t\t\t\t\t\t\t\t\t\t\t\t\t<img decoding=\"async\" width=\"1920\" height=\"931\" src=\"https:\/\/tokdev.al\/abiesse\/wp-content\/uploads\/2026\/04\/fILIALI-tRENI-banner.jpg\" class=\"attachment-full size-full\" alt=\"\" srcset=\"https:\/\/tokdev.al\/abiesse\/wp-content\/uploads\/2026\/04\/fILIALI-tRENI-banner.jpg 1920w, https:\/\/tokdev.al\/abiesse\/wp-content\/uploads\/2026\/04\/fILIALI-tRENI-banner-300x145.jpg 300w, https:\/\/tokdev.al\/abiesse\/wp-content\/uploads\/2026\/04\/fILIALI-tRENI-banner-1024x497.jpg 1024w, https:\/\/tokdev.al\/abiesse\/wp-content\/uploads\/2026\/04\/fILIALI-tRENI-banner-768x372.jpg 768w, https:\/\/tokdev.al\/abiesse\/wp-content\/uploads\/2026\/04\/fILIALI-tRENI-banner-1536x745.jpg 1536w, https:\/\/tokdev.al\/abiesse\/wp-content\/uploads\/2026\/04\/fILIALI-tRENI-banner-1200x582.jpg 1200w, https:\/\/tokdev.al\/abiesse\/wp-content\/uploads\/2026\/04\/fILIALI-tRENI-banner-150x73.jpg 150w\" sizes=\"(max-width: 1920px) 100vw, 1920px\" \/>\t\t\t\t\t\t\t\t\t\t\t\t\t\t\t\t\t\t<\/div>\n\t\t\t\t<\/div>\n\n\t\t\t\t<div class=\"wrapper-content-banner wd-fill wd-items-bottom wd-justify-left\">\n\t\t\t\t\t<div class=\"content-banner  text-left\">\n\t\t\t\t\t\t\n\t\t\t\t\t\t\t\t\t\t\t\t\t<h4 class=\"banner-title wd-fontsize-l\" data-elementor-setting-key=\"title\">\n\t\t\t\t\t\t\t\tRegjistrohu sot n\u00eb nj\u00eb nga filialet tona!\t\t\t\t\t\t\t<\/h4>\n\t\t\t\t\t\t\n\t\t\t\t\t\t\n\t\t\t\t\t\t\n\t\t\t\t\t\t\t\t\t\t\t\t\t<div class=\"banner-btn-wrapper\">\n\t\t\t\t\t\t\t\t\t\t<div class=\"wd-button-wrapper text-left\" >\n\t\t\t<a class=\"btn btn-style-default btn-shape-semi-round btn-size-default btn-color-primary btn-icon-pos-right\"  href=\"\/abiesse\/kontakt\">\n\t\t\t\t<span class=\"wd-btn-text\" data-elementor-setting-key=\"text\">\n\t\t\t\t\tKontakt \t\t\t\t<\/span>\n\n\t\t\t\t\t\t\t<\/a>\n\t\t<\/div>\n\t\t\t\t\t\t\t\t\t<\/div>\n\t\t\t\t\t\t\t\t\t\t\t<\/div>\n\t\t\t\t<\/div>\n\n\t\t\t\t\t\t\t\t\t<a href=\"\/abiesse\/kontakt\" class=\"wd-promo-banner-link wd-fill\" aria-label=\"Banner link\"><\/a>\n\t\t\t\t\t\t\t<\/div>\n\t\t<\/div>\n\t\t\t\t\t\t<\/div>\n\t\t\t\t<\/div>\n\t\t\t\t<\/div>\n\t\t<div class=\"elementor-element elementor-element-3263d4d e-con-full e-flex e-con e-child\" data-id=\"3263d4d\" data-element_type=\"container\" data-e-type=\"container\">\n\t\t\t\t<div class=\"elementor-element elementor-element-8856b42 elementor-widget elementor-widget-wd_banner\" data-id=\"8856b42\" data-element_type=\"widget\" data-e-type=\"widget\" data-widget_type=\"wd_banner.default\">\n\t\t\t\t<div class=\"elementor-widget-container\">\n\t\t\t\t\t\t\t<div class=\"promo-banner-wrapper\">\n\t\t\t<div class=\"promo-banner banner-default banner-hover-zoom color-scheme- banner-btn-size-default banner-btn-style-default with-btn banner-btn-position-static wd-with-link\">\n\t\t\t\t<div class=\"main-wrapp-img\">\n\t\t\t\t\t<div class=\"banner-image\">\n\t\t\t\t\t\t\t\t\t\t\t\t\t\t\t\t\t\t\t\t\t<img decoding=\"async\" width=\"1920\" height=\"1097\" src=\"https:\/\/tokdev.al\/abiesse\/wp-content\/uploads\/2026\/04\/electrical-shielded-cable.jpg\" class=\"attachment-full size-full\" alt=\"\" srcset=\"https:\/\/tokdev.al\/abiesse\/wp-content\/uploads\/2026\/04\/electrical-shielded-cable.jpg 1920w, https:\/\/tokdev.al\/abiesse\/wp-content\/uploads\/2026\/04\/electrical-shielded-cable-300x171.jpg 300w, https:\/\/tokdev.al\/abiesse\/wp-content\/uploads\/2026\/04\/electrical-shielded-cable-1024x585.jpg 1024w, https:\/\/tokdev.al\/abiesse\/wp-content\/uploads\/2026\/04\/electrical-shielded-cable-768x439.jpg 768w, https:\/\/tokdev.al\/abiesse\/wp-content\/uploads\/2026\/04\/electrical-shielded-cable-1536x878.jpg 1536w, https:\/\/tokdev.al\/abiesse\/wp-content\/uploads\/2026\/04\/electrical-shielded-cable-1200x686.jpg 1200w, https:\/\/tokdev.al\/abiesse\/wp-content\/uploads\/2026\/04\/electrical-shielded-cable-150x86.jpg 150w\" sizes=\"(max-width: 1920px) 100vw, 1920px\" \/>\t\t\t\t\t\t\t\t\t\t\t\t\t\t\t\t\t\t<\/div>\n\t\t\t\t<\/div>\n\n\t\t\t\t<div class=\"wrapper-content-banner wd-fill wd-items-bottom wd-justify-left\">\n\t\t\t\t\t<div class=\"content-banner  text-left\">\n\t\t\t\t\t\t\n\t\t\t\t\t\t\t\t\t\t\t\t\t<h4 class=\"banner-title wd-fontsize-l\" data-elementor-setting-key=\"title\">\n\t\t\t\t\t\t\t\tB\u00ebhu fitues i qindra dhuratave!\t\t\t\t\t\t\t<\/h4>\n\t\t\t\t\t\t\n\t\t\t\t\t\t\n\t\t\t\t\t\t\n\t\t\t\t\t\t\t\t\t\t\t\t\t<div class=\"banner-btn-wrapper\">\n\t\t\t\t\t\t\t\t\t\t<div class=\"wd-button-wrapper text-left\" >\n\t\t\t<a class=\"btn btn-style-default btn-shape-semi-round btn-size-default btn-color-primary btn-icon-pos-right\"  href=\"https:\/\/tokdev.al\/abiesse\/wp-content\/uploads\/2026\/04\/Katalog-Loyalty.pdf\" target=\"_blank\">\n\t\t\t\t<span class=\"wd-btn-text\" data-elementor-setting-key=\"text\">\n\t\t\t\t\tShiko dhuratat \t\t\t\t<\/span>\n\n\t\t\t\t\t\t\t<\/a>\n\t\t<\/div>\n\t\t\t\t\t\t\t\t\t<\/div>\n\t\t\t\t\t\t\t\t\t\t\t<\/div>\n\t\t\t\t<\/div>\n\n\t\t\t\t\t\t\t\t\t<a href=\"https:\/\/tokdev.al\/abiesse\/wp-content\/uploads\/2026\/04\/Katalog-Loyalty.pdf\" target=\"_blank\" class=\"wd-promo-banner-link wd-fill\" aria-label=\"Banner link\"><\/a>\n\t\t\t\t\t\t\t<\/div>\n\t\t<\/div>\n\t\t\t\t\t\t<\/div>\n\t\t\t\t<\/div>\n\t\t\t\t<\/div>\n\t\t\t\t<\/div>\n\t\t\t\t<\/div>\n\t\t<div class=\"elementor-element elementor-element-b4004e6 e-con-full e-flex e-con e-child\" data-id=\"b4004e6\" data-element_type=\"container\" data-e-type=\"container\" data-settings=\"{&quot;background_background&quot;:&quot;classic&quot;}\">\n\t\t<div class=\"elementor-element elementor-element-337273a e-con-full e-flex e-con e-child\" data-id=\"337273a\" data-element_type=\"container\" data-e-type=\"container\">\n\t\t\t\t<div class=\"elementor-element elementor-element-dcab953 elementor-widget elementor-widget-heading\" data-id=\"dcab953\" data-element_type=\"widget\" data-e-type=\"widget\" data-widget_type=\"heading.default\">\n\t\t\t\t\t<h2 class=\"elementor-heading-title elementor-size-default\">Skema e P\u00ebrfitimit<\/h2>\t\t\t\t<\/div>\n\t\t\t\t<\/div>\n\t\t<div class=\"elementor-element elementor-element-ce1a282 e-con-full e-flex e-con e-child\" data-id=\"ce1a282\" data-element_type=\"container\" data-e-type=\"container\" data-settings=\"{&quot;background_background&quot;:&quot;classic&quot;}\">\n\t\t\t\t<div class=\"elementor-element elementor-element-cd0b083 color-scheme-inherit text-left elementor-widget elementor-widget-text-editor\" data-id=\"cd0b083\" data-element_type=\"widget\" data-e-type=\"widget\" data-widget_type=\"text-editor.default\">\n\t\t\t\t\t\t\t\t\t<p>A Bi Esse prezanton p\u00ebr her\u00eb t\u00eb par\u00eb n\u00eb vend p\u00ebr sektorin elektrik nj\u00eb <strong>program besnik\u00ebrie.<\/strong><\/p><p>Skema e P\u00ebrfitimit A Bi Esse \u00ebsht\u00eb konceptuar p\u00ebr t\u00eb <strong>vler\u00ebsuar<\/strong> dhe <strong>shp\u00ebrblyer<\/strong> \u00e7do <strong>profesionist<\/strong> q\u00eb zgjedh t\u00eb bashk\u00ebpunoj\u00eb vazhdimisht me ne.<\/p><p>Ky program e shnd\u00ebrron besimin dhe p\u00ebrkushtimin tuaj n\u00eb <strong>avantazhe<\/strong> konkrete.<\/p><p>P\u00ebr \u00e7do blerje t\u00eb kryer n\u00eb markat pjes\u00eb s\u00eb k\u00ebtij programi, ju p\u00ebrfitoni pik\u00eb.<\/p>\t\t\t\t\t\t\t\t<\/div>\n\t\t\t\t<div class=\"elementor-element elementor-element-e6ac183 color-scheme-inherit text-left elementor-widget elementor-widget-text-editor\" data-id=\"e6ac183\" data-element_type=\"widget\" data-e-type=\"widget\" data-widget_type=\"text-editor.default\">\n\t\t\t\t\t\t\t\t\t<p><strong>Sa m\u00eb shum\u00eb pik\u00eb aq m\u00eb e madhe dhurata!<\/strong><\/p>\t\t\t\t\t\t\t\t<\/div>\n\t\t\t\t<\/div>\n\t\t\t\t<\/div>\n\t\t\t\t\t<\/div>\n\t\t\t\t<\/div>\n\t\t\t\t<\/div>\n\t\t","protected":false},"excerpt":{"rendered":"<p>B\u00ebhu pjes\u00eb duke plot\u00ebsuar formularin e regjistrimit n\u00eb \u00e7do filial A Bi Esse Regjistrohu sot n\u00eb nj\u00eb nga filialet tona!<\/p>\n","protected":false},"author":1,"featured_media":0,"parent":0,"menu_order":0,"comment_status":"closed","ping_status":"closed","template":"elementor_header_footer","meta":{"_acf_changed":false,"footnotes":""},"class_list":["post-58613","page","type-page","status-publish","hentry"],"acf":[],"_links":{"self":[{"href":"https:\/\/tokdev.al\/abiesse\/wp-json\/wp\/v2\/pages\/58613","targetHints":{"allow":["GET"]}}],"collection":[{"href":"https:\/\/tokdev.al\/abiesse\/wp-json\/wp\/v2\/pages"}],"about":[{"href":"https:\/\/tokdev.al\/abiesse\/wp-json\/wp\/v2\/types\/page"}],"author":[{"embeddable":true,"href":"https:\/\/tokdev.al\/abiesse\/wp-json\/wp\/v2\/users\/1"}],"replies":[{"embeddable":true,"href":"https:\/\/tokdev.al\/abiesse\/wp-json\/wp\/v2\/comments?post=58613"}],"version-history":[{"count":103,"href":"https:\/\/tokdev.al\/abiesse\/wp-json\/wp\/v2\/pages\/58613\/revisions"}],"predecessor-version":[{"id":58998,"href":"https:\/\/tokdev.al\/abiesse\/wp-json\/wp\/v2\/pages\/58613\/revisions\/58998"}],"wp:attachment":[{"href":"https:\/\/tokdev.al\/abiesse\/wp-json\/wp\/v2\/media?parent=58613"}],"curies":[{"name":"wp","href":"https:\/\/api.w.org\/{rel}","templated":true}]}}