{"id":1633,"date":"2021-10-16T03:06:19","date_gmt":"2021-10-16T03:06:19","guid":{"rendered":"https:\/\/glowing.g5plus.net\/elementor\/?page_id=1633"},"modified":"2025-10-28T11:24:09","modified_gmt":"2025-10-28T11:24:09","slug":"rreth-nesh","status":"publish","type":"page","link":"https:\/\/tokdev.al\/spring-pharma\/rreth-nesh\/","title":{"rendered":"Rreth Nesh"},"content":{"rendered":"\t\t<div data-elementor-type=\"wp-page\" data-elementor-id=\"1633\" class=\"elementor elementor-1633\" data-elementor-post-type=\"page\">\n\t\t\t\t\t\t<section class=\"elementor-section elementor-top-section elementor-element elementor-element-53380c7 elementor-section-content-middle g5core__el-width-1440 elementor-section-boxed elementor-section-height-default elementor-section-height-default\" data-id=\"53380c7\" data-element_type=\"section\">\n\t\t\t\t\t\t<div class=\"elementor-container elementor-column-gap-default\">\n\t\t\t\t\t<div class=\"elementor-column elementor-col-50 elementor-top-column elementor-element elementor-element-9a4828e\" data-id=\"9a4828e\" data-element_type=\"column\">\n\t\t\t<div class=\"elementor-widget-wrap elementor-element-populated\">\n\t\t\t\t\t\t<div class=\"elementor-element elementor-element-4145bd1 elementor-widget elementor-widget-ube-banner\" data-id=\"4145bd1\" data-element_type=\"widget\" data-widget_type=\"ube-banner.default\">\n\t\t\t\t<div class=\"elementor-widget-container\">\n\t\t\t\t\t    <div class=\"ube-banner ube-banner-layout-01 ube-banner-has-effect ube-banner-effect-suprema ube-banner-effect-img-zoom-in\">\n        <div class=\"ube-banner-image\">\n\t\t\t                <a href=\"#\">\n                <\/a>\n\t\t\t            <div class=\"g5core__ll-background ube-banner-bg\" data-bg=\"https:\/\/tokdev.al\/spring-pharma\/wp-content\/uploads\/2025\/10\/Advermis-new.jpg\" style=\"background-image : url(https:\/\/tokdev.al\/spring-pharma\/wp-content\/uploads\/2025\/10\/Advermis-new.jpg)\">\n            <\/div>\n        <\/div>\n        <div class=\"ube-banner-content\">\n\t\t\t\t\t\t\t\t\t\t\t\t\t\t\t\t\t\t\t\t\t        <\/div>\n    <\/div>\n\t\t\t\t<\/div>\n\t\t\t\t<\/div>\n\t\t\t\t\t<\/div>\n\t\t<\/div>\n\t\t\t\t<div class=\"elementor-column elementor-col-50 elementor-top-column elementor-element elementor-element-1351499\" data-id=\"1351499\" data-element_type=\"column\">\n\t\t\t<div class=\"elementor-widget-wrap elementor-element-populated\">\n\t\t\t\t\t\t<div class=\"elementor-element elementor-element-b5595bc elementor-widget elementor-widget-ube-heading\" data-id=\"b5595bc\" data-element_type=\"widget\" data-widget_type=\"ube-heading.default\">\n\t\t\t\t<div class=\"elementor-widget-container\">\n\t\t\t\t\t<div class=\"ube-heading\">\n\t<h2 class=\"ube-heading-title\">Rreth Nesh<\/h2><\/div>\t\t\t\t<\/div>\n\t\t\t\t<\/div>\n\t\t\t\t<div class=\"elementor-element elementor-element-941f406 elementor-widget elementor-widget-text-editor\" data-id=\"941f406\" data-element_type=\"widget\" data-widget_type=\"text-editor.default\">\n\t\t\t\t<div class=\"elementor-widget-container\">\n\t\t\t\t\t\t\t\t\t<p>N\u00eb Spring Pharma, ne besojm\u00eb n\u00eb fuqin\u00eb e parandalimit dhe kurimit me produkte q\u00eb vijn\u00eb drejtp\u00ebrdrejt nga natyra.Ne jemi t\u00eb fokusuar t\u00eb mb\u00ebshtesim nevojat e sh\u00ebndetit t\u00eb jet\u00ebs moderne.<\/p><p>P\u00ebrmes k\u00ebtij angazhimi, ju duhet t\u00eb ndiheni t\u00eb sigurt p\u00ebr cil\u00ebsin\u00eb, p\u00ebrkujdesjen dhe p\u00ebrzgjedhjen e \u00e7do produkti me vlera t\u00eb larta nutricionale pa b\u00ebr\u00eb kompromis me cil\u00ebsin\u00eb.<\/p><p>P\u00ebrkushtimi yn\u00eb q\u00ebndron gjithashtu edhe ndaj p\u00ebrzgjedhjes s\u00eb partner\u00ebve serioz\u00eb t\u00eb tregut europian dhe produkteve t\u00eb cil\u00ebsis\u00eb superiore, t\u00eb cilat jan\u00eb t\u00eb testuara n\u00eb m\u00ebnyr\u00eb laboratorike nga laborator\u00ebt Aliveda\u00a0 dhe Ekappa, duke u bazuar n\u00eb prova shkencore t\u00eb njohura p\u00ebr cil\u00ebsit\u00eb e tyre sh\u00ebndet\u00ebsore dhe me p\u00ebrshtypje pozitive nga pacient\u00ebt.<\/p><p>Formulimet tona sigurojn\u00eb efikasitet maksimal dhe p\u00ebrmbajn\u00eb aditiv\u00eb minimal\u00eb.Kjo nuk \u00ebsht\u00eb nj\u00eb pun\u00eb e thjesht\u00eb, por nj\u00eb pasion dhe p\u00ebrgjegj\u00ebsi p\u00ebr gjith\u00e7ka q\u00eb p\u00ebrfshin kjo fush\u00eb n\u00eb dobi t\u00eb sh\u00ebndetit mendor dhe atij fizik.<\/p>\t\t\t\t\t\t\t\t<\/div>\n\t\t\t\t<\/div>\n\t\t\t\t\t<\/div>\n\t\t<\/div>\n\t\t\t\t\t<\/div>\n\t\t<\/section>\n\t\t\t\t<section class=\"elementor-section elementor-top-section elementor-element elementor-element-e203450 elementor-section-boxed elementor-section-height-default elementor-section-height-default\" data-id=\"e203450\" data-element_type=\"section\">\n\t\t\t\t\t\t<div class=\"elementor-container elementor-column-gap-default\">\n\t\t\t\t\t<div class=\"elementor-column elementor-col-100 elementor-top-column elementor-element elementor-element-5a30555\" data-id=\"5a30555\" data-element_type=\"column\">\n\t\t\t<div class=\"elementor-widget-wrap elementor-element-populated\">\n\t\t\t\t\t\t<div class=\"elementor-element elementor-element-ba85340 elementor-align-center elementor-widget elementor-widget-ube-heading\" data-id=\"ba85340\" data-element_type=\"widget\" data-widget_type=\"ube-heading.default\">\n\t\t\t\t<div class=\"elementor-widget-container\">\n\t\t\t\t\t<div class=\"ube-heading\">\n\t<h2 class=\"ube-heading-title\">Cil\u00ebsi dhe rezultat i sigurt\u00eb<\/h2><\/div>\t\t\t\t<\/div>\n\t\t\t\t<\/div>\n\t\t\t\t<div class=\"elementor-element elementor-element-75672d2 elementor-widget elementor-widget-text-editor\" data-id=\"75672d2\" data-element_type=\"widget\" data-widget_type=\"text-editor.default\">\n\t\t\t\t<div class=\"elementor-widget-container\">\n\t\t\t\t\t\t\t\t\t<p>P\u00ebrb\u00ebrjet q\u00eb ne ju ofrojm\u00eb jan\u00eb me p\u00ebrb\u00ebrje kryesisht natyrore, duke ju b\u00ebr\u00eb t\u00eb kuroni problemet e sh\u00ebndetit tuaj, pa efekte an\u00ebsore.<\/p>\t\t\t\t\t\t\t\t<\/div>\n\t\t\t\t<\/div>\n\t\t\t\t<div class=\"elementor-element elementor-element-02eb2f9 elementor-grid-3 elementor-grid-mobile-1 ube-position-top elementor-widget elementor-widget-ube-advanced-image-box\" data-id=\"02eb2f9\" data-element_type=\"widget\" data-widget_type=\"ube-advanced-image-box.default\">\n\t\t\t\t<div class=\"elementor-widget-container\">\n\t\t\t\t\t\t\t<div class=\"elementor-grid ube-advanced-image-box\">\n\t\t\t\t\t\t\t\t\t\t\t<div class=\"elementor-grid-item elementor-repeater-item-7c76a27 \">\n\t\t\t\t<div class=\"ube-icon-box-wrapper\">\n\t<div class=\"ube-image-box ube-icon-box\">\n\t\t\t\t\t<div class=\"ube-ib-icon ube-image\">\n\t\t\t\t<span class=\"card-img\"><span class=\"g5core__lazy-image\" style=\"--g5-lazy-image-width: 128px;--g5-lazy-image-height: 100%;\"><img decoding=\"async\" width=\"128\" height=\"128\" src=\"https:\/\/tokdev.al\/spring-pharma\/wp-content\/plugins\/g5-core\/assets\/images\/placeholder-transparent.png\" class=\"attachment-full size-full wp-image-6019 g5core__ll-image\" alt=\"\" data-src=\"https:\/\/tokdev.al\/spring-pharma\/wp-content\/uploads\/2025\/09\/nature-product-1.png\" \/><\/span> <\/span>\t\t\t<\/div>\n\t\t\t\t\t\t\t<div class=\"ube-ib-content\">\n\t\t\t\t<h3 class=\"ube-ib-title mb-0 \"><span >Produkte Organike<\/span><\/h3>\t\t\t\t\t\t\t\t\t<div class=\"ube-ib-desc mb-0 \"> M\u00eb e mira e  natyr\u00ebs e ofruar n\u00eb produktet tona. <\/div>\n\t\t\t\t\t\t\t<\/div>\n\t\t\t<\/div>\n\t<\/div>\n\n\t\t\t<\/div>\n\t\t\t\t\t\t\t\t<div class=\"elementor-grid-item elementor-repeater-item-8af1ebd \">\n\t\t\t\t<div class=\"ube-icon-box-wrapper\">\n\t<div class=\"ube-image-box ube-icon-box\">\n\t\t\t\t\t<div class=\"ube-ib-icon ube-image\">\n\t\t\t\t<span class=\"card-img\"><span class=\"g5core__lazy-image\" style=\"--g5-lazy-image-width: 128px;--g5-lazy-image-height: 100%;\"><img decoding=\"async\" width=\"128\" height=\"128\" src=\"https:\/\/tokdev.al\/spring-pharma\/wp-content\/plugins\/g5-core\/assets\/images\/placeholder-transparent.png\" class=\"attachment-full size-full wp-image-6023 g5core__ll-image\" alt=\"\" data-src=\"https:\/\/tokdev.al\/spring-pharma\/wp-content\/uploads\/2025\/09\/guarantee-certificate.png\" \/><\/span> <\/span>\t\t\t<\/div>\n\t\t\t\t\t\t\t<div class=\"ube-ib-content\">\n\t\t\t\t<h3 class=\"ube-ib-title mb-0 \"><span >Cil\u00ebsi e garantuar<\/span><\/h3>\t\t\t\t\t\t\t\t\t<div class=\"ube-ib-desc mb-0 \">Produkte t\u00eb analizuara dhe testuara p\u00ebr rezultate t\u00eb dukshme.<\/div>\n\t\t\t\t\t\t\t<\/div>\n\t\t\t<\/div>\n\t<\/div>\n\n\t\t\t<\/div>\n\t\t\t\t\t\t\t\t<div class=\"elementor-grid-item elementor-repeater-item-4220768 \">\n\t\t\t\t<div class=\"ube-icon-box-wrapper\">\n\t<div class=\"ube-image-box ube-icon-box\">\n\t\t\t\t\t<div class=\"ube-ib-icon ube-image\">\n\t\t\t\t<span class=\"card-img\"><span class=\"g5core__lazy-image\" style=\"--g5-lazy-image-width: 128px;--g5-lazy-image-height: 100%;\"><img decoding=\"async\" width=\"128\" height=\"128\" src=\"https:\/\/tokdev.al\/spring-pharma\/wp-content\/plugins\/g5-core\/assets\/images\/placeholder-transparent.png\" class=\"attachment-full size-full wp-image-6027 g5core__ll-image\" alt=\"\" data-src=\"https:\/\/tokdev.al\/spring-pharma\/wp-content\/uploads\/2025\/09\/gluten-free.png\" \/><\/span> <\/span>\t\t\t<\/div>\n\t\t\t\t\t\t\t<div class=\"ube-ib-content\">\n\t\t\t\t<h3 class=\"ube-ib-title mb-0 \"><span >Pa gluten<\/span><\/h3>\t\t\t\t\t\t\t\t\t<div class=\"ube-ib-desc mb-0 \">Nj\u00eb diet\u00eb pa gluten \u00ebsht\u00eb thelb\u00ebsore p\u00ebr shumic\u00ebn e njer\u00ebzve <\/div>\n\t\t\t\t\t\t\t<\/div>\n\t\t\t<\/div>\n\t<\/div>\n\n\t\t\t<\/div>\n\t\t\t\t\t\t<\/div>\n\t\t\t\t\t\t<\/div>\n\t\t\t\t<\/div>\n\t\t\t\t\t<\/div>\n\t\t<\/div>\n\t\t\t\t\t<\/div>\n\t\t<\/section>\n\t\t\t\t<section class=\"elementor-section elementor-top-section elementor-element elementor-element-ea385fb g5core__el-width-1440 elementor-section-boxed elementor-section-height-default elementor-section-height-default\" data-id=\"ea385fb\" data-element_type=\"section\">\n\t\t\t\t\t\t<div class=\"elementor-container elementor-column-gap-default\">\n\t\t\t\t\t<div class=\"elementor-column elementor-col-50 elementor-top-column elementor-element elementor-element-b381c3a\" data-id=\"b381c3a\" data-element_type=\"column\">\n\t\t\t<div class=\"elementor-widget-wrap elementor-element-populated\">\n\t\t\t\t\t\t<div class=\"elementor-element elementor-element-d64a691 elementor-widget elementor-widget-ube-banner\" data-id=\"d64a691\" data-element_type=\"widget\" data-widget_type=\"ube-banner.default\">\n\t\t\t\t<div class=\"elementor-widget-container\">\n\t\t\t\t\t    <div class=\"ube-banner ube-banner-layout-01 ube-banner-has-effect ube-banner-effect-suprema ube-banner-effect-img-zoom-in\">\n        <div class=\"ube-banner-image\">\n\t\t\t                <a href=\"#\">\n                <\/a>\n\t\t\t            <div class=\"g5core__ll-background ube-banner-bg\" data-bg=\"https:\/\/tokdev.al\/spring-pharma\/wp-content\/uploads\/2025\/10\/Tossevisnew.jpg\" style=\"background-image : url(https:\/\/tokdev.al\/spring-pharma\/wp-content\/uploads\/2025\/10\/Tossevisnew.jpg)\">\n            <\/div>\n        <\/div>\n        <div class=\"ube-banner-content\">\n\t\t\t\t\t\t\t\t\t\t\t\t\t\t\t\t\t\t\t\t\t        <\/div>\n    <\/div>\n\t\t\t\t<\/div>\n\t\t\t\t<\/div>\n\t\t\t\t\t<\/div>\n\t\t<\/div>\n\t\t\t\t<div class=\"elementor-column elementor-col-50 elementor-top-column elementor-element elementor-element-a10fe78\" data-id=\"a10fe78\" data-element_type=\"column\">\n\t\t\t<div class=\"elementor-widget-wrap elementor-element-populated\">\n\t\t\t\t\t\t<div class=\"elementor-element elementor-element-11f5e8c elementor-widget elementor-widget-ube-banner\" data-id=\"11f5e8c\" data-element_type=\"widget\" data-widget_type=\"ube-banner.default\">\n\t\t\t\t<div class=\"elementor-widget-container\">\n\t\t\t\t\t    <div class=\"ube-banner ube-banner-layout-01 ube-banner-has-effect ube-banner-effect-suprema ube-banner-effect-img-zoom-in\">\n        <div class=\"ube-banner-image\">\n\t\t\t                <a href=\"#\">\n                <\/a>\n\t\t\t            <div class=\"g5core__ll-background ube-banner-bg\" data-bg=\"https:\/\/tokdev.al\/spring-pharma\/wp-content\/uploads\/2025\/10\/Murelax-new.jpg\" style=\"background-image : url(https:\/\/tokdev.al\/spring-pharma\/wp-content\/uploads\/2025\/10\/Murelax-new.jpg)\">\n            <\/div>\n        <\/div>\n        <div class=\"ube-banner-content\">\n\t\t\t\t\t\t\t\t\t\t\t\t\t\t\t\t\t\t\t\t\t        <\/div>\n    <\/div>\n\t\t\t\t<\/div>\n\t\t\t\t<\/div>\n\t\t\t\t\t<\/div>\n\t\t<\/div>\n\t\t\t\t\t<\/div>\n\t\t<\/section>\n\t\t\t\t<section class=\"elementor-section elementor-top-section elementor-element elementor-element-6193ba031b717 elementor-section-boxed elementor-section-height-default elementor-section-height-default\" data-id=\"6193ba031b717\" data-element_type=\"section\" data-settings=\"{&quot;background_background&quot;:&quot;classic&quot;}\">\n\t\t\t\t\t\t<div class=\"elementor-container elementor-column-gap-default\">\n\t\t\t\t\t<div class=\"elementor-column elementor-col-100 elementor-top-column elementor-element elementor-element-74f6a0b2\" data-id=\"74f6a0b2\" data-element_type=\"column\">\n\t\t\t<div class=\"elementor-widget-wrap elementor-element-populated\">\n\t\t\t\t\t\t<div class=\"elementor-element elementor-element-b5bc6b2 elementor-align-center elementor-widget elementor-widget-ube-heading\" data-id=\"b5bc6b2\" data-element_type=\"widget\" data-widget_type=\"ube-heading.default\">\n\t\t\t\t<div class=\"elementor-widget-container\">\n\t\t\t\t\t<div class=\"ube-heading\">\n\t<h2 class=\"ube-heading-title\">Suplemente nga markat m\u00eb t\u00eb besuara n\u00eb bot\u00eb<\/h2><\/div>\t\t\t\t<\/div>\n\t\t\t\t<\/div>\n\t\t\t\t<div class=\"elementor-element elementor-element-93854ed elementor-widget elementor-widget-text-editor\" data-id=\"93854ed\" data-element_type=\"widget\" data-widget_type=\"text-editor.default\">\n\t\t\t\t<div class=\"elementor-widget-container\">\n\t\t\t\t\t\t\t\t\t<p>Fokusi yn\u00eb \u00ebsht\u00eb sh\u00ebndeti juaj, mir\u00ebqenia e t\u00eb af\u00ebrmve tuaj, p\u00ebr k\u00ebt\u00eb bashk\u00ebpunojm\u00eb me marka t\u00eb besuara, p\u00ebr t\u2019ju ofruar m\u00eb t\u00eb mir\u00ebn.<\/p><p><strong>Algem Natura\u00a0<\/strong>\u00ebsht\u00eb gjithnj\u00eb\u00a0 n\u00eb k\u00ebrkim dhe zhvillim t\u00eb suplementeve ushqimore, produkteve natyrore dhe fitoterapike q\u00eb p\u00ebrmbajn\u00eb ekstrakte bimore dhe l\u00ebnd\u00eb t\u00eb para t\u00eb zgjedhura. Kompania vazhdimisht zhvillon projekte dhe bashk\u00ebpunime t\u00eb reja q\u00eb synojn\u00eb promovimin e sh\u00ebndetit dhe zhvillimin e formulave specifike p\u00ebr krijimin e produkteve moderne dhe efektive q\u00eb rrisin mir\u00ebqenien e njeriut.<\/p><p><strong>Perrery Farmaceutici S.r.l<\/strong>. \u00ebsht\u00eb nj\u00eb kompani farmaceutike italiane e themeluar n\u00eb vitin 2003. Ajo \u00ebsht\u00eb e angazhuar n\u00eb k\u00ebrkimin, zhvillimin, dh\u00ebnien \/ marrjen e licencave n\u00eb tregun e barnave dhe suplemementeve natyrore t\u00eb ushqimit.<\/p>\t\t\t\t\t\t\t\t<\/div>\n\t\t\t\t<\/div>\n\t\t\t\t<section class=\"elementor-section elementor-inner-section elementor-element elementor-element-1c4709b elementor-section-boxed elementor-section-height-default elementor-section-height-default\" data-id=\"1c4709b\" data-element_type=\"section\">\n\t\t\t\t\t\t<div class=\"elementor-container elementor-column-gap-custom\">\n\t\t\t\t\t<div class=\"elementor-column elementor-col-25 elementor-inner-column elementor-element elementor-element-cefaab5\" data-id=\"cefaab5\" data-element_type=\"column\" data-settings=\"{&quot;background_background&quot;:&quot;classic&quot;}\">\n\t\t\t<div class=\"elementor-widget-wrap elementor-element-populated\">\n\t\t\t\t\t\t<div class=\"elementor-element elementor-element-21d0f70 elementor-widget elementor-widget-image\" data-id=\"21d0f70\" data-element_type=\"widget\" data-widget_type=\"image.default\">\n\t\t\t\t<div class=\"elementor-widget-container\">\n\t\t\t\t\t\t\t\t\t\t\t\t\t\t\t<span class=\"g5core__lazy-image\" style=\"--g5-lazy-image-width: 400px;--g5-lazy-image-height: 59.5%\"><img loading=\"lazy\" decoding=\"async\" width=\"400\" height=\"238\" src=\"https:\/\/tokdev.al\/spring-pharma\/wp-content\/plugins\/g5-core\/assets\/images\/placeholder-transparent.png\" class=\"attachment-full size-full wp-image-5545 g5core__ll-image\" alt=\"\" data-src=\"https:\/\/tokdev.al\/spring-pharma\/wp-content\/uploads\/2025\/08\/algem.png\" data-srcset=\"https:\/\/tokdev.al\/spring-pharma\/wp-content\/uploads\/2025\/08\/algem.png 400w, https:\/\/tokdev.al\/spring-pharma\/wp-content\/uploads\/2025\/08\/algem-300x179.png 300w, https:\/\/tokdev.al\/spring-pharma\/wp-content\/uploads\/2025\/08\/algem-220x131.png 220w\" data-sizes=\"(max-width: 400px) 100vw, 400px\" \/><\/span>\t\t\t\t\t\t\t\t\t\t\t\t\t\t\t<\/div>\n\t\t\t\t<\/div>\n\t\t\t\t\t<\/div>\n\t\t<\/div>\n\t\t\t\t<div class=\"elementor-column elementor-col-25 elementor-inner-column elementor-element elementor-element-50a803f\" data-id=\"50a803f\" data-element_type=\"column\" data-settings=\"{&quot;background_background&quot;:&quot;classic&quot;}\">\n\t\t\t<div class=\"elementor-widget-wrap elementor-element-populated\">\n\t\t\t\t\t\t<div class=\"elementor-element elementor-element-8c333da elementor-widget elementor-widget-image\" data-id=\"8c333da\" data-element_type=\"widget\" data-widget_type=\"image.default\">\n\t\t\t\t<div class=\"elementor-widget-container\">\n\t\t\t\t\t\t\t\t\t\t\t\t\t\t\t\t<a href=\"https:\/\/perrery.com\/en\/about-us.html\">\n\t\t\t\t\t\t\t<span class=\"g5core__lazy-image\" style=\"--g5-lazy-image-width: 400px;--g5-lazy-image-height: 59.5%\"><img loading=\"lazy\" decoding=\"async\" width=\"400\" height=\"238\" src=\"https:\/\/tokdev.al\/spring-pharma\/wp-content\/plugins\/g5-core\/assets\/images\/placeholder-transparent.png\" class=\"attachment-full size-full wp-image-5543 g5core__ll-image\" alt=\"\" data-src=\"https:\/\/tokdev.al\/spring-pharma\/wp-content\/uploads\/2025\/08\/359787982_60908374466.png\" data-srcset=\"https:\/\/tokdev.al\/spring-pharma\/wp-content\/uploads\/2025\/08\/359787982_60908374466.png 400w, https:\/\/tokdev.al\/spring-pharma\/wp-content\/uploads\/2025\/08\/359787982_60908374466-300x179.png 300w, https:\/\/tokdev.al\/spring-pharma\/wp-content\/uploads\/2025\/08\/359787982_60908374466-220x131.png 220w\" data-sizes=\"(max-width: 400px) 100vw, 400px\" \/><\/span>\t\t\t\t\t\t\t\t<\/a>\n\t\t\t\t\t\t\t\t\t\t\t\t\t\t\t<\/div>\n\t\t\t\t<\/div>\n\t\t\t\t\t<\/div>\n\t\t<\/div>\n\t\t\t\t<div class=\"elementor-column elementor-col-25 elementor-inner-column elementor-element elementor-element-f730577\" data-id=\"f730577\" data-element_type=\"column\" data-settings=\"{&quot;background_background&quot;:&quot;classic&quot;}\">\n\t\t\t<div class=\"elementor-widget-wrap elementor-element-populated\">\n\t\t\t\t\t\t<div class=\"elementor-element elementor-element-3471879 elementor-widget elementor-widget-image\" data-id=\"3471879\" data-element_type=\"widget\" data-widget_type=\"image.default\">\n\t\t\t\t<div class=\"elementor-widget-container\">\n\t\t\t\t\t\t\t\t\t\t\t\t\t\t\t\t<a href=\"https:\/\/www.farmaflor.it\/eng\/\">\n\t\t\t\t\t\t\t<span class=\"g5core__lazy-image\" style=\"--g5-lazy-image-width: 336px;--g5-lazy-image-height: 23.809523809524%\"><img loading=\"lazy\" decoding=\"async\" width=\"336\" height=\"80\" src=\"https:\/\/tokdev.al\/spring-pharma\/wp-content\/plugins\/g5-core\/assets\/images\/placeholder-transparent.png\" class=\"attachment-full size-full wp-image-6495 g5core__ll-image\" alt=\"\" data-src=\"https:\/\/tokdev.al\/spring-pharma\/wp-content\/uploads\/2025\/10\/farmaflor_logo.png\" data-srcset=\"https:\/\/tokdev.al\/spring-pharma\/wp-content\/uploads\/2025\/10\/farmaflor_logo.png 336w, https:\/\/tokdev.al\/spring-pharma\/wp-content\/uploads\/2025\/10\/farmaflor_logo-300x71.png 300w\" data-sizes=\"(max-width: 336px) 100vw, 336px\" \/><\/span>\t\t\t\t\t\t\t\t<\/a>\n\t\t\t\t\t\t\t\t\t\t\t\t\t\t\t<\/div>\n\t\t\t\t<\/div>\n\t\t\t\t\t<\/div>\n\t\t<\/div>\n\t\t\t\t<div class=\"elementor-column elementor-col-25 elementor-inner-column elementor-element elementor-element-882c6df\" data-id=\"882c6df\" data-element_type=\"column\" data-settings=\"{&quot;background_background&quot;:&quot;classic&quot;}\">\n\t\t\t<div class=\"elementor-widget-wrap elementor-element-populated\">\n\t\t\t\t\t\t<div class=\"elementor-element elementor-element-aed7e07 elementor-widget elementor-widget-image\" data-id=\"aed7e07\" data-element_type=\"widget\" data-widget_type=\"image.default\">\n\t\t\t\t<div class=\"elementor-widget-container\">\n\t\t\t\t\t\t\t\t\t\t\t\t\t\t\t<span class=\"g5core__lazy-image\" style=\"--g5-lazy-image-width: 386px;--g5-lazy-image-height: 33.678756476684%\"><img loading=\"lazy\" decoding=\"async\" width=\"386\" height=\"130\" src=\"https:\/\/tokdev.al\/spring-pharma\/wp-content\/plugins\/g5-core\/assets\/images\/placeholder-transparent.png\" class=\"attachment-full size-full wp-image-6187 g5core__ll-image\" alt=\"\" data-src=\"https:\/\/tokdev.al\/spring-pharma\/wp-content\/uploads\/2025\/10\/images.jpg\" data-srcset=\"https:\/\/tokdev.al\/spring-pharma\/wp-content\/uploads\/2025\/10\/images.jpg 386w, https:\/\/tokdev.al\/spring-pharma\/wp-content\/uploads\/2025\/10\/images-300x101.jpg 300w\" data-sizes=\"(max-width: 386px) 100vw, 386px\" \/><\/span>\t\t\t\t\t\t\t\t\t\t\t\t\t\t\t<\/div>\n\t\t\t\t<\/div>\n\t\t\t\t\t<\/div>\n\t\t<\/div>\n\t\t\t\t\t<\/div>\n\t\t<\/section>\n\t\t\t\t\t<\/div>\n\t\t<\/div>\n\t\t\t\t\t<\/div>\n\t\t<\/section>\n\t\t\t\t<\/div>\n\t\t","protected":false},"excerpt":{"rendered":"<p>Rreth Nesh N\u00eb Spring Pharma, ne besojm\u00eb n\u00eb fuqin\u00eb e parandalimit dhe kurimit me produkte q\u00eb vijn\u00eb drejtp\u00ebrdrejt nga natyra.Ne jemi t\u00eb fokusuar t\u00eb mb\u00ebshtesim nevojat e sh\u00ebndetit t\u00eb jet\u00ebs moderne. P\u00ebrmes k\u00ebtij angazhimi, ju duhet t\u00eb ndiheni t\u00eb sigurt p\u00ebr cil\u00ebsin\u00eb, p\u00ebrkujdesjen dhe p\u00ebrzgjedhjen e \u00e7do produkti me vlera t\u00eb larta nutricionale pa b\u00ebr\u00eb [&hellip;]<\/p>\n","protected":false},"author":1,"featured_media":0,"parent":0,"menu_order":0,"comment_status":"closed","ping_status":"closed","template":"elementor_header_footer","meta":{"_acf_changed":false,"footnotes":""},"class_list":["post-1633","page","type-page","status-publish","hentry"],"acf":[],"_links":{"self":[{"href":"https:\/\/tokdev.al\/spring-pharma\/wp-json\/wp\/v2\/pages\/1633","targetHints":{"allow":["GET"]}}],"collection":[{"href":"https:\/\/tokdev.al\/spring-pharma\/wp-json\/wp\/v2\/pages"}],"about":[{"href":"https:\/\/tokdev.al\/spring-pharma\/wp-json\/wp\/v2\/types\/page"}],"author":[{"embeddable":true,"href":"https:\/\/tokdev.al\/spring-pharma\/wp-json\/wp\/v2\/users\/1"}],"replies":[{"embeddable":true,"href":"https:\/\/tokdev.al\/spring-pharma\/wp-json\/wp\/v2\/comments?post=1633"}],"version-history":[{"count":124,"href":"https:\/\/tokdev.al\/spring-pharma\/wp-json\/wp\/v2\/pages\/1633\/revisions"}],"predecessor-version":[{"id":7098,"href":"https:\/\/tokdev.al\/spring-pharma\/wp-json\/wp\/v2\/pages\/1633\/revisions\/7098"}],"wp:attachment":[{"href":"https:\/\/tokdev.al\/spring-pharma\/wp-json\/wp\/v2\/media?parent=1633"}],"curies":[{"name":"wp","href":"https:\/\/api.w.org\/{rel}","templated":true}]}}