{"id":6069,"date":"2025-09-24T15:39:03","date_gmt":"2025-09-24T15:39:03","guid":{"rendered":"https:\/\/tokdev.al\/spring-pharma\/?post_type=product&#038;p=6069"},"modified":"2025-10-14T12:52:30","modified_gmt":"2025-10-14T12:52:30","slug":"glycem-control","status":"publish","type":"product","link":"https:\/\/tokdev.al\/spring-pharma\/product\/glycem-control\/","title":{"rendered":"Glycem Control"},"content":{"rendered":"<p>Gymnema ( Gymnema sylvestre R), \u00ebsht\u00eb nj\u00eb bim\u00eb q\u00eb rritet n\u00eb pyjet tropikale t\u00eb Indis\u00eb, Afrik\u00ebs dhe Australis\u00eb. Ajo ka veti antidiabetike. Ngjash\u00ebm me efektet e saj n\u00eb receptor\u00ebt e shijes, ku bllokon receptor\u00ebt e sheqerit, \u00a0Gymnema sylvestre mund t\u00eb bllokoj\u00eb gjithashtu receptor\u00ebt n\u00eb zorr\u00eb dhe p\u00ebr rrjedhoj\u00eb p\u00ebrthithjen e sheqerit, duke ulur nivelet e tij n\u00eb gjak pas vaktit. Ulivo ( Olea Europea),\u00a0 Galega ( Galega Officinalis L) dhe Fieno greco (Trigonella foenum-graecum) gjithashtu ndihmojn\u00eb n\u00eb metabolizmin e karbohidrateve n\u00eb organiz\u00ebm. T\u00eb treja s\u00ebbashku ato p\u00ebrforcojn\u00eb r\u00ebnien e niveleve t\u00eb sheqerit n\u00eb gjak.<br \/>\n<br \/><Br><br \/>\nPrania e vitamin\u00ebs E mbron qelizat nga stresi oksidativ.<\/p>\n","protected":false},"excerpt":{"rendered":"<p>Gymnema ( Gymnema sylvestre R), \u00ebsht\u00eb nj\u00eb bim\u00eb q\u00eb rritet n\u00eb pyjet tropikale t\u00eb Indis\u00eb, Afrik\u00ebs dhe Australis\u00eb.<\/p>\n","protected":false},"featured_media":6337,"comment_status":"closed","ping_status":"closed","template":"","meta":{"_acf_changed":false},"product_brand":[],"product_cat":[215],"product_tag":[159,156,160,158,157,128],"class_list":{"0":"post-6069","1":"product","2":"type-product","3":"status-publish","4":"has-post-thumbnail","6":"product_cat-metabolizem","7":"product_tag-diabet","8":"product_tag-diabetmellitus","9":"product_tag-intolerancaedemtuareglukozes","10":"product_tag-lipide","11":"product_tag-sheqernegjak","12":"product_tag-trigliceride","14":"first","15":"instock","16":"shipping-taxable","17":"purchasable","18":"product-type-simple"},"acf":[],"_links":{"self":[{"href":"https:\/\/tokdev.al\/spring-pharma\/wp-json\/wp\/v2\/product\/6069","targetHints":{"allow":["GET"]}}],"collection":[{"href":"https:\/\/tokdev.al\/spring-pharma\/wp-json\/wp\/v2\/product"}],"about":[{"href":"https:\/\/tokdev.al\/spring-pharma\/wp-json\/wp\/v2\/types\/product"}],"replies":[{"embeddable":true,"href":"https:\/\/tokdev.al\/spring-pharma\/wp-json\/wp\/v2\/comments?post=6069"}],"version-history":[{"count":2,"href":"https:\/\/tokdev.al\/spring-pharma\/wp-json\/wp\/v2\/product\/6069\/revisions"}],"predecessor-version":[{"id":6483,"href":"https:\/\/tokdev.al\/spring-pharma\/wp-json\/wp\/v2\/product\/6069\/revisions\/6483"}],"wp:featuredmedia":[{"embeddable":true,"href":"https:\/\/tokdev.al\/spring-pharma\/wp-json\/wp\/v2\/media\/6337"}],"wp:attachment":[{"href":"https:\/\/tokdev.al\/spring-pharma\/wp-json\/wp\/v2\/media?parent=6069"}],"wp:term":[{"taxonomy":"product_brand","embeddable":true,"href":"https:\/\/tokdev.al\/spring-pharma\/wp-json\/wp\/v2\/product_brand?post=6069"},{"taxonomy":"product_cat","embeddable":true,"href":"https:\/\/tokdev.al\/spring-pharma\/wp-json\/wp\/v2\/product_cat?post=6069"},{"taxonomy":"product_tag","embeddable":true,"href":"https:\/\/tokdev.al\/spring-pharma\/wp-json\/wp\/v2\/product_tag?post=6069"}],"curies":[{"name":"wp","href":"https:\/\/api.w.org\/{rel}","templated":true}]}}