{"id":6145,"date":"2025-09-25T13:32:16","date_gmt":"2025-09-25T13:32:16","guid":{"rendered":"https:\/\/tokdev.al\/spring-pharma\/?post_type=product&#038;p=6145"},"modified":"2025-10-14T12:42:55","modified_gmt":"2025-10-14T12:42:55","slug":"sebio","status":"publish","type":"product","link":"https:\/\/tokdev.al\/spring-pharma\/product\/sebio\/","title":{"rendered":"SeBio"},"content":{"rendered":"<p><strong>Seleni<\/strong> \u00ebsht\u00eb nj\u00eb oligomineral i pranish\u00ebm tek njer\u00ebzit. \u00cbsht\u00eb i pranish\u00ebm si selenocistein\u00eb n\u00eb selenoproteinat, familjet kryesore t\u00eb t\u00eb cilave p\u00ebrfshijn\u00eb glutation peroxidase, thioredoxine reduktaza, dhe iodothyronine deiodinase. Duke qen\u00eb nj\u00eb kofaktor i k\u00ebtyre selenoproteinave t\u00eb ndryshme, Seleni \u00ebsht\u00eb i p\u00ebrfshir\u00eb n\u00eb procese t\u00eb ndryshme t\u00eb homeostaz\u00ebs s\u00eb tiroides. Prania e selenit n\u00eb form\u00ebn e L-selenomethionines garanton nj\u00eb biodisponueshm\u00ebri shum\u00eb t\u00eb mir\u00eb e shoq\u00ebruar me rrezik m\u00eb t\u00eb ul\u00ebt t\u00eb toksicitetit, gj\u00eb q\u00eb e b\u00ebn t\u00eb p\u00ebrshtatshme p\u00ebr p\u00ebrdorim afatgjat\u00eb.<br \/>\n<br \/><Br><br \/>\n<strong>Piper nigrum L.<\/strong> ( piper i zi) \u00ebsht\u00eb nj\u00eb ekstrakt i standardizuar i piperit t\u00eb zi q\u00eb p\u00ebrmban piperin\u00eb. \u00cbsht\u00eb par\u00eb se Piperina \u00a0rrit biodisponibilitetin e ujit dhe l\u00ebnd\u00ebve ushqyese t\u00eb tretshme n\u00eb yndyr\u00eb, ve\u00e7an\u00ebrisht L-selenomethionine.<\/p>\n","protected":false},"excerpt":{"rendered":"<p><strong>Seleni<\/strong> \u00ebsht\u00eb nj\u00eb oligomineral i pranish\u00ebm tek njer\u00ebzit.<\/p>\n","protected":false},"featured_media":6314,"comment_status":"closed","ping_status":"closed","template":"","meta":{"_acf_changed":false},"product_brand":[],"product_cat":[215],"product_tag":[207,209,206,210,211,205,208],"class_list":{"0":"post-6145","1":"product","2":"type-product","3":"status-publish","4":"has-post-thumbnail","6":"product_cat-metabolizem","7":"product_tag-hashimoto","8":"product_tag-hormone","9":"product_tag-selen","10":"product_tag-t3","11":"product_tag-t4","12":"product_tag-tiroide","13":"product_tag-tiroiditihashimoto","15":"first","16":"instock","17":"shipping-taxable","18":"purchasable","19":"product-type-simple"},"acf":[],"_links":{"self":[{"href":"https:\/\/tokdev.al\/spring-pharma\/wp-json\/wp\/v2\/product\/6145","targetHints":{"allow":["GET"]}}],"collection":[{"href":"https:\/\/tokdev.al\/spring-pharma\/wp-json\/wp\/v2\/product"}],"about":[{"href":"https:\/\/tokdev.al\/spring-pharma\/wp-json\/wp\/v2\/types\/product"}],"replies":[{"embeddable":true,"href":"https:\/\/tokdev.al\/spring-pharma\/wp-json\/wp\/v2\/comments?post=6145"}],"version-history":[{"count":4,"href":"https:\/\/tokdev.al\/spring-pharma\/wp-json\/wp\/v2\/product\/6145\/revisions"}],"predecessor-version":[{"id":6473,"href":"https:\/\/tokdev.al\/spring-pharma\/wp-json\/wp\/v2\/product\/6145\/revisions\/6473"}],"wp:featuredmedia":[{"embeddable":true,"href":"https:\/\/tokdev.al\/spring-pharma\/wp-json\/wp\/v2\/media\/6314"}],"wp:attachment":[{"href":"https:\/\/tokdev.al\/spring-pharma\/wp-json\/wp\/v2\/media?parent=6145"}],"wp:term":[{"taxonomy":"product_brand","embeddable":true,"href":"https:\/\/tokdev.al\/spring-pharma\/wp-json\/wp\/v2\/product_brand?post=6145"},{"taxonomy":"product_cat","embeddable":true,"href":"https:\/\/tokdev.al\/spring-pharma\/wp-json\/wp\/v2\/product_cat?post=6145"},{"taxonomy":"product_tag","embeddable":true,"href":"https:\/\/tokdev.al\/spring-pharma\/wp-json\/wp\/v2\/product_tag?post=6145"}],"curies":[{"name":"wp","href":"https:\/\/api.w.org\/{rel}","templated":true}]}}